1).
10
Let s(i) = 5*i - 60. Let x be s(12). Let q(a) = 0*a**3 - a + a**3 + 25 + 13*a**2 - 33 + x*a. Calculate q(-13).
5
Suppose 16*f = 12*f - 20. Let q(y) = y**2 + 9*y - 2. Let k(v) = 2*v**2 + 17*v - 3. Let o(z) = 3*k(z) - 5*q(z). Give o(f).
-4
Let o(h) = -90*h - 22. Let m(c) = -49*c - 11. Let a(b) = -11*m(b) + 6*o(b). Let s = 11 + -19. What is a(s)?
-3
Let v(l) be the second derivative of -l**4/12 + 14*l. Let j be (-1 + 2)/(2 - 1). Let z be (j - 1) + 0/2. Give v(z).
0
Let u(n) = -23*n + 47. Let h(a) = -8*a + 17. Let d(p) = 17*h(p) - 6*u(p). Calculate d(-10).
-13
Let l(j) = -2*j**3 + j**2 + 5*j. Let a(m) = -13*m**3 + 8*m**2 + 32*m - 1. Let i(s) = a(s) - 6*l(s). What is i(0)?
-1
Let p(o) = o**3 + 13*o**2. Let z be (-45)/3 - 3*4/(-6). Give p(z).
0
Let j(h) be the first derivative of -h**5/10 - h**4/12 + h**2/2 + 3*h + 7. Let f(p) be the first derivative of j(p). Suppose 0 = 5*b - 0 - 5. What is f(b)?
-2
Suppose -7*t + 49 + 0 = 0. Suppose -t*w - 36 = -w. Let b(f) = -f**3 - 6*f**2 + 2*f + 5. Determine b(w).
-7
Let n be (-7 - -5) + 1 + 26. Let l = n + -22. Let v(o) = -o**2 + o. Determine v(l).
-6
Let i(n) = -n - 8. Let p(m) = -2*m**2 + 44*m - 42. Let f be p(21). Determine i(f).
-8
Let a(d) be the first derivative of -2*d + 1/2*d**2 + 11. Calculate a(4).
2
Let p be (0 + -2 - -3)/1. Let y(m) = 2*m**2 + 3 + 11*m**2 + 0 - m**2 - m. Let x(h) = 48*h**2 - 4*h + 13. Let r(z) = -2*x(z) + 9*y(z). What is r(p)?
12
Let c(s) = -s - 2. Let b be 15/(-12) - 150/(-24). Suppose -2*h = -4*o - 14, 4*o + 15 = -b*h - 6. Let n be (6/o)/((-12)/(-32)). Determine c(n).
2
Let y(f) = 3*f + 9. Suppose 4*m - 74 - 486 = 0. Suppose 0 = 3*l + 2*l - m. Suppose 3*w + p = -p - l, 2*w = -p - 17. Determine y(w).
-9
Let o(w) = w**3 - 9*w**2 + 6. Let b be o(9). Let y(g) = -2*g**2 + 5*g - 5. What is y(b)?
-47
Let v(f) = f**2 + 6*f + 5. Let j(r) = r + 1. Let z(d) = 2*j(d) + v(d). What is z(-9)?
16
Suppose -2*s = -3*s - 3. Let v(k) = -2*k + 1385 + 4*k - 1381. Determine v(s).
-2
Let v(t) be the first derivative of 2*t**3 - 6 + 1/2*t**2 + 1/4*t**4 + 6*t. Let a = 12 + -18. What is v(a)?
0
Let k(t) be the second derivative of -t**5/20 - 7*t**4/12 + t**3/6 - 9*t**2/2 - 26*t + 2. Determine k(-7).
-16
Suppose 0 = 2*k + 4 + 8. Let n(q) be the third derivative of q**4/24 + q**3/2 - 110*q**2. Let m(c) = -2*c - 5. Let p(f) = k*m(f) - 11*n(f). Determine p(3).
0
Suppose 4*f + 23 = l, 0 = -5*l - f + 6 + 4. Let n be -2*(-28)/24*l. Suppose n = -5*m + 12. Let z(d) = 2*d**3 + d - 1. What is z(m)?
2
Let q(r) = 3 - 109*r + 4 + 206*r - 96*r. What is q(-6)?
1
Suppose b - 8 = 5*u, -1 = 4*u + 3. Let v(r) = -b + 40*r - 46*r + r**2 + 7. Calculate v(5).
-1
Let g(r) = r + 0*r + r - 8*r**2 - 11*r + r**3 - 3. What is g(9)?
-3
Let h(s) = 2*s**2 + s - 1. Let u(o) = -o**3 + 9*o**2 + 4*o - 5. Suppose -9 = v - y, -5*y + 0 = -v - 9. Let x(f) = v*h(f) + 2*u(f). What is x(-1)?
2
Let f(r) = -2*r**2 - r + 2. Let k be (-14)/8 - 9/36. Calculate f(k).
-4
Let w(s) = 4*s - 71. Let q be w(17). Let z(o) = 2*o**2 + 7*o + 4. Calculate z(q).
1
Let k(i) = -i + 8. Suppose 0 = -5*y + 1 + 64. Give k(y).
-5
Let o(u) = -5 + 11*u + 0*u - 12*u. What is o(0)?
-5
Let k(g) = -g**2 + 7*g + 4. Let d be (28/(-6))/((-4)/6). Let q be k(d). Suppose q*a = a + 9. Let p(j) = -j - 4. Give p(a).
-7
Let a(x) = 35 + 6*x**3 - 4*x**3 - 3*x**3 + 2*x - 33 - 2*x**2. Let s = 18 + -21. What is a(s)?
5
Let x(f) = -f**3 + 6*f**2 + 2*f - 12. Let q be x(6). Let o(g) = g**2 - 2*g - 5. Calculate o(q).
-5
Let g(j) = -5*j**2 + 10*j + 9. Let a(d) = -4*d**2 + 9*d + 8. Let w(h) = -4*a(h) + 3*g(h). Let s be w(7). Let x(p) = 1 - 2*p - p + 2 + 2*p. Calculate x(s).
1
Let f be (-4)/14 + (-52)/14. Let k(y) = 4*y + 48*y**3 - 47*y**3 + 4*y**2 + y**2 - 16 + 15. Determine k(f).
-1
Let m(h) = -h - 1. Let l(o) = o + 9. Let y(t) = 2*l(t) + 6*m(t). Give y(4).
-4
Let p(c) = c**2 - c + 4. Suppose 0 = -10*k + 8*k + 5*s + 21, 0 = k + 2*s + 3. Give p(k).
10
Let n(j) = j**3 + 2*j. Let t(z) = -3*z**3 + 9*z**2 - 8*z + 6. Let y(f) = 2*n(f) + t(f). Calculate y(9).
-30
Let w(t) = -54*t + t**2 - 7 - 62*t + 126*t. Give w(-7).
-28
Let g(u) = -7*u**2 - 15*u - 22. Let m(j) = -3*j**2 - 7*j - 8. Let i(x) = 2*g(x) - 5*m(x). Let a be (9/6 - 1)*-12. Determine i(a).
2
Let v(j) = 2*j**3 - 96*j**2 - 97*j - 57. Let b be v(49). Let g(m) be the second derivative of m**3/6 + 3*m**2/2 - m. What is g(b)?
-5
Let w(k) be the first derivative of 2*k**3/3 - 3*k**2/2 + 16*k + 3. Let b(u) be the first derivative of w(u). Calculate b(2).
5
Let h(k) = -k**3 - 11*k**2 + 11*k - 16. Suppose 2*n + 28 = -l, -n - 4*l + 5 - 33 = 0. Determine h(n).
-4
Let p(i) = -i**3 - 14*i**2 + 32*i + 2. Let a(v) = -8*v**2 - 295*v + 21. Let x be a(-37). Determine p(x).
2
Let v = 10 + -7. Suppose 5*f = -r - 16, 0 = -3*r + v*f - 8*f - 8. Let w be 12 + -9 - (r + -1). Let s(j) = j + 13. Calculate s(w).
13
Let j(w) be the third derivative of w**5/60 + 5*w**4/24 - 3*w**3/2 - w**2 + 34. Give j(-7).
5
Let l = 4 - 7. Let h(x) be the second derivative of 3/2*x**2 - 1/20*x**5 + 0 - 8*x + 0*x**4 + 5/6*x**3. Give h(l).
15
Let v(t) = -t**2 + 13*t - 13. Let x = 276 + -264. Give v(x).
-1
Let n(k) = -172*k + 4 + 1 + 321*k - 156*k. What is n(-7)?
54
Let i(w) = 17 + 15*w**2 - 9 - 16*w**2 - 4*w. Calculate i(4).
-24
Let v(t) = -2 - 5*t**2 - t**3 + 6*t**3 + 3*t**3 - 15*t**3 + 6*t**3. Let d(b) = b**2 - b - 1. Let x be d(-2). Let w(k) = -k. Let o be w(x). Calculate v(o).
-2
Let y(u) = 2*u - 1 + 8 + u. Let h(m) = -111*m**2 - 442*m + 2. Let b be h(-4). Determine y(b).
-11
Let d(x) be the first derivative of -x**2/2 + x + 1. Let h = -5 - -8. Let q = h + 1. Determine d(q).
-3
Let m(t) = 2*t**3 + 9 + 3*t**2 - 6*t**2 - 10*t**2 - t**3 - 14*t + 0. Calculate m(14).
9
Let n(t) = 5 + 0 + 1 + t. Let l(f) = 2*f**3 + 32*f**2 + 31*f + 15. Let u be l(-15). What is n(u)?
6
Let a(n) be the first derivative of n**7/840 - 13*n**6/360 + n**5/10 + 7*n**4/24 + 8*n**3 + 59. Let k(i) be the third derivative of a(i). Calculate k(12).
7
Let y(b) = b + 1. Let m(x) = -x - 1. Let p be m(-2). Let t be 44/(-12) - p/3. Calculate y(t).
-3
Let a(w) = -2*w - 25. Let b be a(-23). Let o(s) = 16*s + 23*s + b*s - 61*s. Determine o(5).
-5
Let z(f) = -12*f - 2. Let k(d) = 4*d - 19. Let s be k(4). Give z(s).
34
Let t(r) = -r**3 + 12*r**2 - 12*r + 4. Let n be 456/40 - 2/10*2. Give t(n).
-7
Suppose 0 = 3*n - 3*b + 33, b - 3*b = -6. Let x be (-9)/(108/n)*-9. Let i(o) = -o - 5. Give i(x).
1
Let o(l) = 2 - 2*l - 1 - 21*l**2 + 14*l**2 + 14*l**2. Let r = 1 - 0. Calculate o(r).
6
Let v(h) be the third derivative of -h**5/60 - h**4/24 - 29*h**2. Let f(y) = 7*y**2 + 4*y + 3. Let j(p) = -f(p) - 4*v(p). What is j(3)?
-30
Let h be 12/(-10) - 3/(-15). Let a(d) = -4*d**3 + 2*d**2 + 3*d + 2. Let x(r) = -r**3 + r**2 + r + 1. Let g(l) = h*a(l) + 2*x(l). Give g(1).
1
Let d(n) = n**2 + 5*n - 1. Let q be d(-6). Suppose 3*f + 13 = 2*j, q*j = -0*j - 3*f + 22. Let b(y) = y**3 - 6*y**2 + 4*y + 2. Give b(j).
-3
Let o(x) be the first derivative of 3*x**2/2 + 8*x + 185. Calculate o(-5).
-7
Let h = -255 - -246. Let b(g) = g**2 + 11*g + 17. What is b(h)?
-1
Suppose 49 = -2*g + 5*i, -g = -4*i + 153 - 121. Let j(f) = -f - 11. Calculate j(g).
1
Let q(w) be the first derivative of 3*w**2/2 + 3*w + 76. Let m(t) be the second derivative of 2*t**3/3 + t**2 + t. Let v(f) = -2*m(f) + 3*q(f). Give v(-3).
2
Let h(d) = d + 13. Let i be ((-918)/(-12))/(-9) - (-3)/6. What is h(i)?
5
Let g(p) = 2*p - 3. Let h(f) = -f**2 - 17*f - 13. Let x be h(-16). Let k be (x*1)/((126/(-12))/(-7)). Give g(k).
1
Let o(l) = 99 - 66 - l - 55. Let y be o(-15). Let q(d) = -d**2 - 8*d + 6. Calculate q(y).
13
Let o be (-89)/1246 - 2/(-28). Let s(f) = f**3 - f**2 + 2*f - 6. What is s(o)?
-6
Let v(f) = f**3 - 5*f**2 - 2*f + 2. Let r(t) = 9*t**2 - t - 3*t + 5 - 20*t**2 + 2*t**3. Let m(n) = 2*r(n) - 5*v(n). Calculate m(4).
-8
Let l be ((-70)/5)/(-2) - 3. Let r(j) = -j**2 + 9*j - 2. Calculate r(l).
18
Suppose 5*h - v = 35, 2*h + 2*v - 41 = -3*v. Suppose 0 = h*d - 5*d. Let f(s) = s**2 - 6. Give f(d).
-6
Suppose -5*t = 10*t - 13*t. Let q(k) be the third derivative of 0 + t*k - 1/3*k**3 - 6*k**2 + 1/4*k**4. Calculate q(-2).
-14
Let l(f) = 0*f**3 - 22*f**2 - 14*f + f**3 + 415 + 9*f**2 - 412. Determine l(14).
3
Let m(i) be the second derivative of 10*i + 0 + 0*i**2 - 5/12*i**4 + 5/6*i**3 - 